 y + 6. Calculate the remainder when 91 is divided by i.
29
Suppose -6*o + 3*o = -39. Let w(k) = -51*k - 94. What is the remainder when o is divided by w(-2)?
5
Suppose -73*w - 186*w - 597610 = -389*w. Calculate the remainder when w is divided by 242.
241
Suppose 0 = 2*z - 4*n - 50, 7*z + 3*n + 111 = 12*z. Suppose -16*s - 1495 = -z*s. Calculate the remainder when s is divided by 30.
29
Suppose 4*v = 19*t - 16*t - 783, -3*v = -9. Let y = t + -195. Calculate the remainder when y is divided by 6.
4
Suppose 3*r = 12, -4*w - w = -3*r + 32. Suppose i = -c + 6*i + 515, -5*c + 2615 = -5*i. Calculate the remainder when 36 is divided by (-1)/w - c/(-28).
17
Let d(k) = 2*k**2 - k. Let u be d(-1). Suppose -324 = -2*a - 0*a - 2*w, -5*a + u*w = -770. What is the remainder when a is divided by 84?
73
Suppose 0 = -43*r + 7*r + 3024. Suppose x - 4*l = r, x = -l + 52 + 47. Calculate the remainder when x is divided by 8.
0
Calculate the remainder when 547 is divided by (-1827)/(-116)*((-34)/(-3) + -2)*1.
106
Suppose -5*v + w = -124, 5*v - 5*w - 123 = -3*w. What is the remainder when v is divided by (8 + -5 + -7)/(2/(-7))?
11
Let x(d) = -4*d**2 + 119*d - 184. What is the remainder when x(20) is divided by 278?
40
Let x(a) = -2*a**2 - 33*a + 69*a - 30*a + 65. What is the remainder when x(0) is divided by 17?
14
Suppose -12 = -40*w + 52*w. Calculate the remainder when (-1 - (w + 5 + -5)) + 70 is divided by 12.
10
Calculate the remainder when 274*1*(2/(-4) - (-414)/92) is divided by 8.
0
Suppose 0 = 3*y + 950 - 1091. What is the remainder when 192 is divided by y?
4
Suppose 3*n + 9 = 2*o + 34, -5*o = 5*n + 125. Let u = 26 + o. Suppose 7*t = -u*t + 52. What is the remainder when 11 is divided by t?
3
Let n(a) = 345*a - 349*a + 0 + 2 + 20*a**2 + 3*a**3. Calculate the remainder when n(-6) is divided by (-2076)/(-228) + (-4)/38.
8
Let v(z) = -7*z**2 - 19*z + 102. Let d be v(9). Let q = d - -658. Calculate the remainder when 54 is divided by q.
10
Suppose 4*t + 5*b - 8857 = 0, 0 = -t + 901*b - 900*b + 2203. Calculate the remainder when t is divided by 17.
15
Let c = -733 + 736. Calculate the remainder when (-4 + 5)/(-1)*(-18)/2 is divided by c.
0
Suppose 2*g - 9*a + 12*a = -27, 0 = -2*g + a - 15. Calculate the remainder when 81 is divided by (1*3)/(g*9/(-1188)).
37
Suppose 277*z - 22727 = 196657. Calculate the remainder when z is divided by 15.
12
Let d(z) be the third derivative of 17*z**4/12 - 15*z**3/2 - z**2 - 3*z. Calculate the remainder when d(8) is divided by 27.
11
Let o(f) = -14*f**2 + 1232*f + 88. Calculate the remainder when 723 is divided by o(88).
19
Suppose 5*o = 3*c + 251, 0 = 19*o - 21*o + 4*c + 106. Suppose 7*m + 672 = o*m. Calculate the remainder when 44 is divided by m.
12
Suppose 440*v = 446*v. Suppose 4*s + 4*u - 244 = 0, v*s - 3*u - 73 = -s. Calculate the remainder when 188 is divided by s.
60
Let v(i) = 4*i**3 + 125*i**2 + 34*i + 113. Let j(t) = 3*t**2 - 2*t. Let g be j(3). Let p = g - -18. Calculate the remainder when p is divided by v(-31).
19
Let t = -45 - -146. What is the remainder when t + -3 - (60/4)/(-5) is divided by 15?
11
Suppose -4*d + 19 - 67 = 0. Let g(u) = 2*u**2 + 19*u - 23. Calculate the remainder when g(d) is divided by 15.
7
Let q(d) = -5 - 3 + 9*d + 2 - d**2. Calculate the remainder when 376/(-28)*((-15)/6 + 2 + -3) is divided by q(6).
11
Suppose -4711 + 157 = 18*o. Let y = o - -295. What is the remainder when 123 is divided by y?
39
Let d = -13686 + 13728. What is the remainder when 794 is divided by d?
38
Suppose 392 = 40*f - 38*f. Let a = f + -187. What is the remainder when a is divided by 5?
4
Suppose 9*q - 66 = 6*q. Suppose 0 = -q*y + 24*y - 446. What is the remainder when y is divided by 57?
52
Suppose -5*j = -20, 2*q - 18 = -0*q - 3*j. Let v be (-250)/6 - q - 1/3. Let s = v + 48. Calculate the remainder when 10 is divided by s.
1
Calculate the remainder when 826 is divided by (-2)/7 + ((-104286)/147)/(-26).
16
Suppose 29 = 3*q + y - 139, -4*q + 224 = -2*y. Calculate the remainder when 342 is divided by q - 6/15*-5.
52
What is the remainder when (-2*(-261)/(-6))/((-33)/4741) is divided by 47?
44
Let w be ((-2)/3)/((-13)/39). Suppose 3*x - 126 = 2*x. Suppose -4*u - 3*k = -k - x, 0 = w*u - 3*k - 67. What is the remainder when 286 is divided by u?
30
Let i(r) = -r**3 + 54*r**2 - 102*r - 14. Let o be i(52). Let x = -2 + o. What is the remainder when x is divided by 30?
28
Suppose -31*y - 195 = -18*y. What is the remainder when 28 is divided by ((-287)/(-14) + y)/(2/8)?
6
Suppose k - 5 = 6*k, 4*r + 3*k = 321. Let x = -12567 - -12592. What is the remainder when r is divided by x?
6
Let m be 0 - (-21)/(-7) - -6. Suppose 1 + 4 = -g, -m*a + g + 62 = 0. Calculate the remainder when 144 is divided by a.
11
Let s = -113 + 89. Let k = 8 - s. Suppose 16 = -2*p + k. Calculate the remainder when 14 is divided by p.
6
Let w(r) = -r**3 - 26*r**2 - 39*r - 86. Let q be w(-25). Suppose -q = -12*t + t. Calculate the remainder when 52 is divided by t.
4
Let q(d) = d**3 - 5*d**2 - d - 7. Suppose 2*w + 4 = h + 6, h - 4*w = -10. Calculate the remainder when q(h) is divided by 6*-1 + (11 - -4) + 3.
11
Suppose 14*l = -128 + 548. Calculate the remainder when 499 is divided by 5 + (-40)/4 + l.
24
Suppose 130*l = 188*l - 116. Calculate the remainder when 594 is divided by l.
0
Let z(x) be the first derivative of 37/2*x**2 + 13*x - 45. What is the remainder when z(4) is divided by 54?
53
Let y(p) = 140*p + 2174. What is the remainder when 1774 is divided by y(-15)?
72
Suppose -366 = -9*y - 69. Suppose -437 - 388 = -y*t. What is the remainder when 118 is divided by t?
18
Let b(o) = -24*o**2 - 51*o. Let w be b(-2). Suppose 3*k - 816 = -2*i - 0*i, 5*k - i = 1360. What is the remainder when k is divided by (-153)/(-4) + w/8?
38
Suppose -r = 3*r - 476. Suppose 6*w - 94 - 14 = 0. Calculate the remainder when (6/(-1))/((-21)/r) is divided by w.
16
Let z(m) = -m**3 - 16*m**2 - 41*m - 375. What is the remainder when z(-16) is divided by 94?
93
What is the remainder when 806 is divided by (8823/(-2595))/(2/(-30))?
41
Suppose 0 = -28*a + 12*a + 1680. Suppose -104*f + a*f - 144 = 0. Calculate the remainder when f is divided by 40.
24
Let p = -2821 - -5367. Calculate the remainder when p is divided by 7.
5
Suppose -27 = -3*a + 34 - 10. Calculate the remainder when 2819 is divided by a.
14
Let h = 98 + 43. Let p(g) be the third derivative of g**4/6 + 4*g**3 + 5*g**2 + 10*g. Calculate the remainder when h is divided by p(6).
45
Let o = -192 - -213. Suppose 153 - o = 12*k. Calculate the remainder when 74 is divided by k.
8
Let m = -141 + -18. Let b = m + 167. Suppose -5*t + 10*t + 2*f - 275 = 0, 2*t - 121 = -3*f. What is the remainder when t is divided by b?
5
Suppose 953*i - 2926 = 876*i. Calculate the remainder when 151 is divided by i.
37
Let a = -4 + 28. Let d be -18 + (0 - -1) + (3 - -1). Let n(j) = -4*j**2 - 52*j + 9. Calculate the remainder when a is divided by n(d).
6
Suppose -3*t + 10*y + 9729 = 15*y, -t - y = -3247. What is the remainder when t is divided by 136?
125
Suppose 99*m = 110*m - 34342. What is the remainder when m is divided by 25?
22
Let f = -10 - -17. Let y be ((-42)/(-15))/(11/55). Let x(i) = -i**3 + 14*i**2 - 5*i + 82. What is the remainder when x(y) is divided by f?
5
Let k(p) = -p**2 - 7*p - 4. Let a be k(-6). Suppose a - 37 = -5*c. Let y(s) = -s**3 + 11*s**2 + 3*s - 112. Calculate the remainder when y(10) is divided by c.
4
Let n = 3732 + -3685. What is the remainder when 365 is divided by n?
36
Suppose -5*l + 25 = -60. Suppose -11 = 5*p - 6. Calculate the remainder when (p - -2) + 60/2 is divided by l.
14
Let k(z) = 28*z - 89. Let j be k(16). Suppose -2*b - 165 = -j. Calculate the remainder when b is divided by -3 - -38 - (1 + 0).
29
Let x = -105 + 110. Suppose x*l = v - 120, -321 = -3*v + 9*l - 7*l. What is the remainder when v is divided by 36?
33
Let v = 282 - 278. Suppose 0 = 4*j - 3*l - 493, -4*l = v*j - 9*l - 483. Calculate the remainder when j is divided by 17.
8
Suppose 6212 = 11*b - 3435. Let l = b + -826. Calculate the remainder when 165 is divided by l.
12
Let m be ((-8)/(-12))/((-1)/(-15)). Let c(t) = 2*t**2 + 6*t - 1. Calculate the remainder when c(-5) is divided by m/2 + 4 + -5.
3
Let d be 4 - (-28 + -3) - 2. Let x(r) = r